t v(z) be the third derivative of -z**6/120 - z**5/10 + 7*z**4/8 - 7*z**3/6 - 33*z**2 + 2*z - 5. Give v(-9).
47
Let c(f) = 15*f**2 + f - 4. Suppose 92*o = 76*o - 25 - 7. Calculate c(o).
54
Suppose -19*g + 14*g = 125. Let a be 1/(-2) + g/(-10). Let y(m) = -7 + 56*m**2 - 30*m**a - 7*m - 25*m**2. What is y(8)?
1
Let j(g) = g**3 + 4*g**2 + 3*g + 1. Let i(b) = b**3 + 3*b**2 + 2*b. Let z(n) = -4*i(n) + 3*j(n). Let o be ((4 + -4)/(-11))/(1 - -1). What is z(o)?
3
Let y(l) = -2*l**2 - 5*l + l**2 - 1 - 4*l**2 + 9*l**2 - 3*l**2. Calculate y(3).
-7
Let q(c) = -c**2 + 36*c - 156. Let d = 9994 + -9989. Give q(d).
-1
Suppose -3*u + 27 = 15. Let g(y) be the second derivative of 0 - 1/2*y**3 + 28*y - 2*y**2. What is g(u)?
-16
Let z be 84/(-5)*365/(-146). Let l(u) = -36 - u - z + 103 - 40. Calculate l(-13).
-2
Let c(q) = 8*q**3 + 14*q**2 + 8*q. Let j = -10 + 27. Let n(d) = -23*d**3 - 40*d**2 - 23*d. Let h(m) = j*c(m) + 6*n(m). Calculate h(-2).
12
Let a(u) = 10*u**2 - 3*u + 2. Let p be a(1). Let g(s) = -13 + s + 27 + s**2 - p. Calculate g(0).
5
Let d = 360 + -354. Let s(j) = j**2 - 5*j**3 + 7 - j - 2*j + 4*j**3 + d*j**2. Calculate s(7).
-14
Let b(l) = -2*l**2 + 201*l**3 + 4 - 3 - 212*l**3. Let o(t) = -55*t**3 - 11*t**2 + 6. Let c(w) = -11*b(w) + 2*o(w). Calculate c(-1).
-10
Let u(a) = -a**2 + a + 7. Let o(f) = f + 3. Suppose -4*x + 16*x + 36 = 0. Let i(t) = x*u(t) + 7*o(t). Determine i(-3).
15
Suppose 31*p - 4*p - 324 = -27*p. Let v(j) = 3*j**2 - 13*j + 4. Calculate v(p).
34
Suppose 0 = 9*p - 13 - 14. Let b(k) = k + 5*k**p - 1 - 3*k - 3328*k**2 + 3326*k**2. Give b(-1).
-6
Let j(i) = 1221 - 19*i - 2434 + 1221. What is j(4)?
-68
Suppose 927*b - 932*b = -20. Let l(s) = -7*s**3 + 6*s**2 + 7*s - 3. Let p(x) = 3*x**3 - 3*x**2 - 3*x + 1. Let m(j) = -2*l(j) - 5*p(j). Determine m(b).
-11
Let i(g) = 3*g - 3*g + 23 - 2*g. Suppose -58231*l + 224 = -58199*l. Determine i(l).
9
Let g(c) = 3*c**3 - 4*c**2 + 17*c + 4. Let r(x) = x**3 - x**2 + 6*x + 1. Let s(p) = -4*g(p) + 11*r(p). Let b = 275 + -147. Let o = -124 + b. Determine s(o).
3
Let y be ((5 - 7) + -6)/((-2)/3). Let o(p) = 3*p**2 - 38*p + 14. Let r be o(y). Let d(s) = -s**3 - 11*s**2 - 12*s + 7. Determine d(r).
27
Let q(o) be the third derivative of o**4/2 + 13*o**3/3 + 8*o**2 + 2. Give q(6).
98
Let t(p) = -p**2 - 5*p. Let a(n) = n**2 + 6*n - 1. Let m(i) = 3*a(i) + 4*t(i). Suppose -11*g - 656 = -623. What is m(g)?
-6
Let l be 11/5 + (-1)/(-15)*-3. Suppose -3*w = -z + 13, 4*z - 3*w + l*w = 30. Let b(a) = -1532 + 2*a**3 - z*a + 1525 - 3*a**3 + 7*a**2. Calculate b(6).
-13
Let q(i) = -18*i + 16. Suppose -7*o + 6*o - 11 = -4*g, 2*o + 9*g - 29 = 0. Calculate q(o).
-2
Let z = -25 + 52. Let s(n) = z*n + 20*n - 45*n. Let m = 21 - 18. What is s(m)?
6
Let p = 0 + -3. Suppose 177 = 2*o + 169. Let b(h) = 19 - 13 - 10 - 5*h + o*h**2 + h**3. Calculate b(p).
20
Suppose 4*a + 25 = -f, 0*a - 2*a - f = 11. Let q be (-693)/(-147) - 2/a. Let k(p) = -2. Let h(r) = r - 7. Let u(g) = 2*h(g) - 6*k(g). Give u(q).
8
Let r(w) = -w**2 - 107*w - 103*w + 24 + 404*w - 103*w - 100*w. Calculate r(-11).
2
Let n(x) be the second derivative of x**4/12 + 2*x**3 - 27*x**2/2 - 1560*x. Calculate n(-13).
-14
Suppose 5*f = 3*o - 21, -3*o - 20*f = -18*f. Let w(k) = 56 - 23 + k**3 - 20 + 9*k**2 + 12*k - o*k**2 - 14. Give w(-4).
-1
Let u = 1 + -2. Let d be -1 + (-2)/(u*1). Let m(a) = 549 - 30*a**2 + 558 - 1108 + 29*a**2 + 2*a. Give m(d).
0
Let o(i) = -3*i**2 + 44*i + 123. Let m be o(-3). Let p(k) = -k - 29. Determine p(m).
7
Let f(n) = n**3 - 18*n**2 + 7*n - 9. Let k = 242 - 243. Let g(d) = -2*d**2 - 1. Let u(x) = k*f(x) + 6*g(x). Calculate u(5).
-7
Let w(z) = -19*z**2 - 4*z - 1 - 16*z**2 + 34*z**2. Suppose 0 = -2*t - 4*r - 2, -8 = 5*t - 4*t - 5*r. Give w(t).
2
Let j(l) = l**2 + 3. Let a(w) = -w**3 - 9*w**2 - 7*w + 5. Let b be a(-8). Let d(r) = r**3 + r**2 - r + 6. Let o(h) = b*d(h) + 5*j(h). Determine o(2).
-13
Suppose 2*a + 2*a = 44. Let q = 11 - a. Suppose q*g + g = 5*g. Let n(m) = -m**3 - m**2 - 9. What is n(g)?
-9
Let i(q) be the second derivative of -q**4/12 + 11*q**3/6 - 13*q**2/2 + 932*q. Suppose 3*m = -13 + 40. What is i(m)?
5
Suppose 4730*l - 4729*l = -17. Let n(k) = k**2 + 17*k. What is n(l)?
0
Suppose 3*x + 1785 = 2*h, 0 = -h + 3*x + 615 + 282. Let l(p) = -888*p - 1 + p**2 + h*p. What is l(-3)?
8
Let d be 22/4 + (-15)/10. Let g(v) = 3*v**2 - v**3 - 3*v**2 - 5*v**2 - 17 + d*v**2 - v. Suppose -241*j = -101*j + 508*j. Give g(j).
-17
Let g be (-1 + 1 - 1)/(-1). Let x(o) be the second derivative of -11*o**4/12 - o**3/6 + 3345*o. What is x(g)?
-12
Let i(b) = b**2 + 19*b + 74. Let m(k) = k**2 - 258*k + 3631. Let h be m(15). What is i(h)?
4
Let g = 1503 - 1511. Let a(o) = o**2 - 2*o. Let j be a(4). Let r(c) = c**3 + 1 - c + 2 - 6 + j*c**2. Give r(g).
5
Let p = 1786 + -1786. Let q(w) be the third derivative of 0*w + 1/24*w**4 + 3/2*w**3 + 1/60*w**5 + w**2 + 0 - 1/120*w**6. What is q(p)?
9
Let a(l) = 3*l + 6. Let i(p) = -4*p - 7. Let d(m) = 5*a(m) + 4*i(m). Suppose 0 = -3*j + 4*b + 60, 18*b = -j + 19*b + 17. What is d(j)?
-6
Suppose 4*b = 5*h + 7, 0 = 10*h - 6*h - 4. Let s(d) = -7*d**2 + 9 + 2 - 31*d**b - 3*d + 30*d**3. Determine s(-6).
-7
Let b(z) be the second derivative of -z**5/10 - 2*z**4/3 + 2*z**3/3 - 5*z**2/2 - 2*z - 848. Give b(-4).
-21
Let g(o) = o**3 + 12*o**2 - 13*o - 1. Let s(b) = -6*b + 166. Let z be s(28). Let w be ((-39)/(-6))/(1/z). Determine g(w).
-1
Let u = 1186 - 1186. Let y(c) be the third derivative of c**6/120 + c**5/60 - c**4/24 - 4*c**3/3 - 2*c**2. Determine y(u).
-8
Suppose -2*x + 2 + 4 = 0. Let m(d) = 80*d**2 - 2*d + 86*d**2 - 168*d**2. Give m(x).
-24
Let z(n) = n**3 + 3 - 5*n**3 - 4*n**2 + 3*n**3. Let x be -11 - 0/5 - (-1 - 1). Let s(f) = 7*f + 60. Let p be s(x). Calculate z(p).
-6
Let m(l) = l - 35. Suppose 522*y + 115 = 527*y + 40. Give m(y).
-20
Let y(g) = -7050432*g**2 - 20 + 7050394*g**2 + 82*g + 21. Calculate y(2).
13
Suppose 3*x - 2*h = 8, -5*h + h = -20. Let l(j) = j**2 - 5*j - 21. Let c be l(8). Let k(w) = -1 - c - w**2 + 3 - 67*w + 73*w. Determine k(x).
-1
Let c be (860/60 - 16)/((-2)/(-6)). Let f(h) be the third derivative of 3*h**2 + 0 + 1/4*h**4 + 1/3*h**3 + 1/60*h**5 + 0*h. What is f(c)?
-3
Let g = -77 + 73. Suppose 66 = -11*w + 11. Let y(s) = -3*s**2 + 12*s + 5. Let f(n) = -n**2 + n. Let j(m) = w*f(m) + y(m). What is j(g)?
9
Let w(p) be the first derivative of p**4/4 - 10*p**3/3 + 3*p**2/2 - 23*p + 459. What is w(10)?
7
Let v(r) = -r**3 - 3*r**2 + 4*r + 4. Let u(m) = -13*m - 131. Let l be u(-8). Let c be (l/(-6))/(-3)*8/3. What is v(c)?
4
Let f(v) be the first derivative of v**6/60 + v**5/12 + v**4/6 - v**3/6 + 38*v**2 - 2*v - 242. Let b(t) be the second derivative of f(t). Determine b(-2).
-5
Let g(h) = -5*h**3 + 12*h**2 + 11*h + 76. Let u(p) = 2*p**3 + p - 21. Let a(s) = g(s) + 3*u(s). Calculate a(-10).
73
Let g(t) = -2*t**3 + 8*t**2 - 6*t. Let c(p) = -525*p + 5253. Let f be c(10). Determine g(f).
0
Suppose -3*w - 32 = -5*i, -2*w + w - 2*i - 7 = 0. Let q(u) = -9*u**2 + 16*u - 26. Let t(f) = 5*f**2 - 8*f + 13. Let x(p) = 6*q(p) + 11*t(p). Determine x(w).
-4
Let n(z) be the second derivative of z**7/2520 - 11*z**6/720 + z**5/20 - 82*z**4/3 - 7*z + 27. Let q(c) be the third derivative of n(c). Determine q(11).
6
Let y(c) = 4*c**2 + c - 6. Let d(o) = -26*o**2 - 43*o + 44. Let q(v) = d(v) + 6*y(v). Determine q(-19).
-11
Suppose 0 = -91*t + 1920 - 464. Let u(w) = 6*w - 42. What is u(t)?
54
Let h(u) = -u**2 - u + 6. Suppose 5*z = -5*v + 209 - 189, 0 = 4*v + 2*z - 8. What is h(v)?
6
Let w(m) be the second derivative of 5*m**3/3 - 21*m**2/2 + 591*m + 2. What is w(-7)?
-91
Let q(z) be the third derivative of -7*z**6/360 - z**5/120 + z**4/8 + 6*z**3 + 63*z**2. Let l(n) be the second derivative of q(n). What is l(-1)?
13
Let t(m) = -m**3 - 10*m**2 + 11*m - 5. Let f = -105 - -126. Suppose 0 = 9*p - f*p - 132. Give t(p).
-5
Let h(s) = 2*s**3 - 4*s**2 + s - 4. Let y be h(3). Let n(a) = 19*a - y*a - a**2 - 1 - 3*a**3 + 4*a**3. Calculate n(0).
-1
Let j(l) = -l**2 - 13. Let t(i) = 51*i - 4074. Let p be t(80). Determine j(p).
-49
Let h(q) = -8*q**3 + 13*q**2 + q - 7. Let n(r) = -6 - 6*r**3 - r**3 - 383*r**2 + 395*r**2. Let s(p) = 6*h(p) - 7*n(p). Give s(5).
5
Let g(h) = -500*h + 738. Let b(m) = -223*m + 369. Let r(t) = -7*b(t) + 3*g(t